hen 6958 is divided by 392?
294
What is the remainder when 127074996 is divided by 31?
13
What is the remainder when 43794 is divided by 14340?
774
What is the remainder when 901448 is divided by 3032?
944
What is the remainder when 722951 is divided by 370?
341
What is the remainder when 3001440 is divided by 5739?
5682
What is the remainder when 10183979 is divided by 3394605?
164
Calculate the remainder when 248889759 is divided by 244.
243
Calculate the remainder when 3122676 is divided by 64.
52
Calculate the remainder when 16443808 is divided by 812.
808
Calculate the remainder when 19746476 is divided by 44474.
20
Calculate the remainder when 10504744 is divided by 70031.
94
What is the remainder when 48934541 is divided by 4448594?
7
Calculate the remainder when 4863663 is divided by 810609.
9
What is the remainder when 433827 is divided by 7355?
7237
Calculate the remainder when 534305 is divided by 178097.
14
Calculate the remainder when 8304808 is divided by 6.
4
What is the remainder when 410285 is divided by 116?
109
What is the remainder when 2931232 is divided by 1465601?
30
Calculate the remainder when 2416538 is divided by 842.
840
What is the remainder when 8020654 is divided by 2673132?
1258
What is the remainder when 1288163 is divided by 10195?
3593
Calculate the remainder when 3474184 is divided by 1568.
1064
What is the remainder when 12510749 is divided by 42?
41
What is the remainder when 532094 is divided by 973?
836
Calculate the remainder when 24981 is divided by 12187.
607
What is the remainder when 2099029 is divided by 385?
9
What is the remainder when 2252333 is divided by 750685?
278
Calculate the remainder when 1425200 is divided by 1580.
40
Calculate the remainder when 13632 is divided by 1057.
948
What is the remainder when 41704033 is divided by 175227?
7
What is the remainder when 6265 is divided by 2479?
1307
What is the remainder when 67690 is divided by 2308?
758
What is the remainder when 218137152 is divided by 5?
2
What is the remainder when 4491368 is divided by 27?
26
What is the remainder when 3194406 is divided by 14927?
28
What is the remainder when 99857956 is divided by 49928975?
6
Calculate the remainder when 5672957 is divided by 1418239.
1
Calculate the remainder when 8753 is divided by 1043.
409
Calculate the remainder when 198091 is divided by 1461.
856
Calculate the remainder when 178075 is divided by 325.
300
Calculate the remainder when 714971 is divided by 395.
21
What is the remainder when 10569893 is divided by 326?
321
What is the remainder when 7991 is divided by 110?
71
What is the remainder when 3022848 is divided by 1511370?
108
Calculate the remainder when 61675712 is divided by 169.
7
Calculate the remainder when 5077918 is divided by 24650.
18
Calculate the remainder when 105587 is divided by 498.
11
What is the remainder when 40993119 is divided by 140?
139
Calculate the remainder when 8841872 is divided by 4420868.
136
Calculate the remainder when 931184 is divided by 7964.
7360
Calculate the remainder when 2173027 is divided by 2590.
17
Calculate the remainder when 285446876 is divided by 1368.
1364
Calculate the remainder when 2321122 is divided by 1962.
76
What is the remainder when 18985486 is divided by 450?
436
Calculate the remainder when 737940 is divided by 122985.
30
Calculate the remainder when 685973 is divided by 171.
92
Calculate the remainder when 26362523 is divided by 26362520.
3
Calculate the remainder when 76697 is divided by 8183.
3050
What is the remainder when 44427 is divided by 14776?
99
What is the remainder when 398716 is divided by 132372?
1600
Calculate the remainder when 202998 is divided by 28984.
110
Calculate the remainder when 3614195 is divided by 50.
45
Calculate the remainder when 7802759 is divided by 63957.
5
What is the remainder when 322848 is divided by 107613?
9
Calculate the remainder when 69327 is divided by 10430.
6747
What is the remainder when 3142228 is divided by 105?
103
Calculate the remainder when 3271500 is divided by 502.
468
Calculate the remainder when 679525 is divided by 21234.
37
What is the remainder when 609430 is divided by 1154?
118
What is the remainder when 13296364 is divided by 152?
12
What is the remainder when 3548405 is divided by 1182728?
221
What is the remainder when 9008639 is divided by 63441?
17
Calculate the remainder when 35733673 is divided by 3169.
29
What is the remainder when 2242195 is divided by 28745?
85
Calculate the remainder when 29835696 is divided by 904112.
0
What is the remainder when 764502 is divided by 42?
18
What is the remainder when 932917 is divided by 688?
677
What is the remainder when 5048 is divided by 35?
8
Calculate the remainder when 8263639 is divided by 2081.
2069
Calculate the remainder when 492874 is divided by 7245.
214
Calculate the remainder when 30453110 is divided by 1020.
1010
What is the remainder when 52379 is divided by 17458?
5
Calculate the remainder when 17057548 is divided by 6205.
3
Calculate the remainder when 24998679 is divided by 983.
6
Calculate the remainder when 5187046 is divided by 27300.
46
What is the remainder when 96960068 is divided by 6570?
8
What is the remainder when 93408 is divided by 3591?
42
Calculate the remainder when 97819 is divided by 482.
455
Calculate the remainder when 674753 is divided by 39687.
74
Calculate the remainder when 286057494 is divided by 11.
8
Calculate the remainder when 15127410 is divided by 1082.
1050
Calculate the remainder when 926322 is divided by 2357.
21
What is the remainder when 1550871 is divided by 90?
81
Calculate the remainder when 6955705 is divided by 8088.
25
Calculate the remainder when 22004435 is divided by 2444934.
29
Calculate the remainder when 312745 is divided by 375.
370
Calculate the remainder when 3605909 is divided by 912.
773
Calculate the remainder when 242394 is divided by 401.
190
Calculate the remainder when 5910471 is divided by 422174.
35
What is the remainder when 1322045 is divided by 242?
241
What is the remainder when 994247 is divided by 124228?
423
Calculate the remainder when 7426010 is divided by 229.
227
What is the remainder when 32142846 is divided by 492?
486
Calculate the remainder when 4595887 is divided by 35.
2
What is the remainder when 978399 is divided by 6837?
708
Calculate the remainder when 901247 is divided by 113.
72
What is the remainder when 41981 is divided by 538?
17
What is the remainder when 117269 is divided by 367?
196
Calculate the remainder when 47814987 is divided by 82582.
9
Calculate the remainder when 98270 is divided by 16366.
74
Calculate the remainder when 3153594 is divided by 3141.
30
Calculate the remainder when 10358573 is divided by 143869.
5
Calculate the remainder when 174645872 is divided by 698.
688
Calculate the remainder when 32708 is divided by 2687.
464
Calculate the remainder when 2521860 is divided by 1189.
1180
What is the remainder when 1590260 is divided by 13?
9
What is the remainder when 163114 is divided by 8279?
5813
What is the remainder when 42144164 is divided by 8?
4
Calculate the remainder when 3517 is divided by 1740.
37
Calculate the remainder when 463005 is divided by 462910.
95
Calculate the remainder when 17466481 is divided by 4821.
4819
What is the remainder when 343218 is divided by 5544?
5034
Calculate the remainder when 1983753263 is divided by 82.
79
Calculate the remainder when 3427162 is divided by 76159.
7
Calculate the remainder when 989977 is divided by 656.
73
What is the remainder when 264640 is divided by 44098?
52
Calculate the remainder when 39556270 is divided by 84.
82
Calculate the remainder when 15121740 is divided by 1080124.
4
Calculate the remainder when 35345815 is divided by 2548.
2507
Calculate the remainder when 142317704 is divided by 4389.
4379
Calculate the remainder when 406455 is divided by 1822.
149
Calculate the remainder when 18123847 is divided by 6569.
6545
What is the remainder when 299500 is divided by 2995?
0
What is the remainder when 1715846 is divided by 28?
6
What is the remainder when 81952755 is divided by 2003?
10
Calculate the remainder when 269535 is divided by 481.
175
What is the remainder when 72350772 is divided by 10888?
12
What is the remaind